 z(q) = -3*q - 329. Give z(-113).
10
Let d(r) = -117*r - 43. Determine d(-2).
191
Let d(l) = l**3 + 55*l**2 - 113*l + 124. Calculate d(-57).
67
Let g(v) = -66*v - 623. Calculate g(-9).
-29
Let r(p) = 2*p**3 - 31*p**2 + 17*p + 18. Calculate r(15).
48
Let s(y) = -191*y - 3442. Give s(-18).
-4
Let v(d) = -29*d - 2612. Calculate v(-88).
-60
Let f(w) = w + 184. Calculate f(-20).
164
Let v(w) = 4*w**2 + 94*w - 69. Determine v(-24).
-21
Let n(i) = i**3 + 85*i**2 + 100*i + 1338. What is n(-84)?
-6
Let q(y) = -y**2 - 91*y - 1696. Calculate q(-40).
344
Let g(a) = a**3 - 96*a**2 + 778*a + 424. Determine g(87).
-11
Let s(t) = 6*t**2 + 147*t - 592. What is s(-28)?
-4
Let u(n) = 3*n**3 - 11*n**2 + 261*n - 767. Give u(3).
-2
Let g(m) = m**3 - 54*m + 31. What is g(7)?
-4
Let u(a) = 9*a**2 + 83*a + 23. Calculate u(-9).
5
Let g(m) = -221*m - 702. Calculate g(-3).
-39
Let p(f) = 12*f**2 + 152*f - 16. Give p(-13).
36
Let i(q) = 15*q**2 + 146*q - 44. Calculate i(-10).
-4
Let y(w) = -3*w**2 + 90*w - 325. Give y(4).
-13
Let o(t) = -8*t**2 + 2*t - 2. Calculate o(1).
-8
Let u(i) = -i**3 + 17*i**2 + 69*i + 905. Determine u(22).
3
Let w(p) = 2*p**2 - 22*p - 513. What is w(23)?
39
Let d(x) = -x**2 + 17*x + 91. Give d(20).
31
Let c(p) = -5*p**2 - 1583*p - 5648. Determine c(-313).
-14
Let s(t) = -4*t**2 + 32*t - 1. Give s(9).
-37
Let v(q) = -q**3 - 21*q**2 - 2*q - 19. Determine v(-21).
23
Let l(q) = q**2 - 17*q - 148. Calculate l(23).
-10
Let s(l) = l**2 - 626*l + 10359. Calculate s(17).
6
Let p(k) = k**3 + 12*k**2 - 46*k - 32. Give p(-15).
-17
Let r(y) = -52*y - 182. Give r(-5).
78
Let w(i) = -201*i + 1194. Give w(6).
-12
Let a(d) = -d**2 - 30*d - 252. What is a(-21)?
-63
Let s(b) = 5*b**2 - 48*b - 1. Calculate s(10).
19
Let j(f) = 118*f**2 - 12161*f + 724. Calculate j(103).
3
Let i(p) = -1446*p + 4362. Determine i(3).
24
Let r(v) = -27*v**2 + 396*v + 146. What is r(15)?
11
Let k(g) = -2*g**2 - 99*g - 1151. Determine k(-14).
-157
Let n(f) = 7*f**2 + 317*f - 76. Give n(-46).
154
Let s(t) = -19*t - 87. What is s(-7)?
46
Let f(d) = d**2 - 845*d + 7514. Calculate f(9).
-10
Let q(i) = i**3 + 37*i**2 + 61*i + 2256. What is q(-37)?
-1
Let u(x) = -x**3 - 19*x**2 - 35*x - 20. Calculate u(-17).
-3
Let n(f) = -733*f + 7306. What is n(10)?
-24
Let u(r) = -r**2 + 234*r + 5624. Calculate u(-22).
-8
Let f(i) = -1741*i - 22648. Determine f(-13).
-15
Let h(k) = 2*k**3 - 30*k**2 + 12*k - 68. Determine h(15).
112
Let r(v) = v**2 + 3748*v + 33639. Determine r(-9).
-12
Let m(r) = -54*r - 100. What is m(-1)?
-46
Let q(p) = 8*p + 149. Give q(-24).
-43
Let l(c) = -61*c + 2563. Calculate l(46).
-243
Let i(m) = 2*m**3 + 197*m**2 + 90*m - 825. Calculate i(-98).
-41
Let a(p) = -p**2 - 203*p - 1769. Give a(-9).
-23
Let b(m) = -30*m + 839. Give b(27).
29
Let y(v) = -v**2 - 19*v - 108. What is y(-10)?
-18
Let o(u) = -1625*u + 6507. Give o(4).
7
Let t(c) = c**3 - 170*c**2 - 245*c + 12655. Determine t(171).
1
Let k(i) = -3*i**3 + 124*i**2 - 40*i - 47. Give k(41).
-6
Let z(r) = -45*r - 11. What is z(0)?
-11
Let w(u) = -2*u**3 - 11*u**2 - 5*u + 4. What is w(-4)?
-24
Let w(i) = -5*i - 102. What is w(-32)?
58
Let p(t) = -t**3 + 43*t**2 + 45*t - 79. Give p(44).
-35
Let q(v) = v**3 - 8*v**2 - 46*v + 4. Give q(-4).
-4
Let g(a) = 4*a**2 - a - 69. What is g(6)?
69
Let i(v) = -10*v**2 + 10*v + 1. Calculate i(1).
1
Let z(a) = -a**3 + 5*a**2 + 34*a - 236. Give z(6).
-68
Let c(p) = -p**2 - 1406*p - 22215. Calculate c(-16).
25
Let x(y) = 197*y**2 - y. Determine x(-1).
198
Let x(n) = -3*n**3 - 29*n**2 - 33*n - 31. Calculate x(-9).
104
Let h(m) = -m**3 - 14*m**2 - 8*m - 81. Calculate h(-14).
31
Let p(q) = -2*q**3 - 42*q**2 + 532*q - 235. Determine p(-30).
5
Let x(y) = -y**2 - 50*y + 424. Give x(-57).
25
Let w(f) = 2*f**2 - 7*f - 309. What is w(-16)?
315
Let u(g) = 4*g**3 + 165*g**2 + 205*g + 202. Give u(-40).
2
Let g(m) = 2*m**2 - 51*m - 367. What is g(27)?
-286
Let n(z) = -466*z - 1398. Calculate n(-3).
0
Let b(w) = -2*w**3 + 40*w**2 - 54*w + 670. What is b(19)?
366
Let g(k) = -k**3 - 29*k**2 + 22*k - 16. Determine g(-30).
224
Let b(h) = -h**2 + 3*h + 691. Determine b(0).
691
Let k(j) = -27*j**2 + 95*j + 5. Calculate k(4).
-47
Let m(j) = -2*j - 112. Determine m(-10).
-92
Let m(n) = -n**3 - 28*n + 67. Determine m(2).
3
Let y(m) = -m**2 + 6*m - 9. Determine y(4).
-1
Let b(x) = 11*x + 482. Determine b(-44).
-2
Let y(w) = -45*w**3 + w**2 + 3*w + 3. Determine y(-2).
361
Let t(i) = i**2 + 5*i + 11. What is t(-3)?
5
Let b(m) = -m**2 + 24*m - 62. What is b(19)?
33
Let o(l) = -l**3 + 13*l**2 - 54*l + 707. Determine o(13).
5
Let j(n) = -n**2 + 78*n - 742. What is j(10)?
-62
Let l(s) = s**2 + 184*s + 8451. Calculate l(-88).
3
Let h(r) = r**2 - 67*r - 1435. Give h(-18).
95
Let f(o) = 293*o - 22852. Determine f(78).
2
Let d(l) = l**3 + 7*l**2 + 186*l + 1282. What is d(-7)?
-20
Let l(c) = 6*c - 64. Calculate l(12).
8
Let l(f) = f**3 + 7*f**2 - 60*f + 8. What is l(-12)?
8
Let h(v) = -20*v - 1222. What is h(-57)?
-82
Let n(d) = d**3 - 146*d**2 + 6*d - 880. Give n(146).
-4
Let h(m) = m**2 - 155*m - 1580. Calculate h(165).
70
Let v(q) = -q**3 - 3*q**2 + 57*q + 175. Give v(-10).
305
Let g(s) = -49*s**2 - 50*s - 105. What is g(-2)?
-201
Let b(v) = 1828*v - 1744. What is b(1)?
84
Let k(w) = 289*w + 22226. Calculate k(-77).
-27
Let j(w) = -2*w**2 + 16*w - 49. Give j(6).
-25
Let d(y) = -2*y + 20. Give d(2).
16
Let o(q) = 9762*q + 19514. What is o(-2)?
-10
Let x(n) = n**2 + 33*n + 70. Give x(0).
70
Let c(t) = 391*t**2 + 789*t + 11. Determine c(-2).
-3
Let h(n) = 17266*n - 69063. Calculate h(4).
1
Let s(r) = 76*r - 81. Determine s(1).
-5
Let q(f) = -f**2 - 30*f + 465. What is q(-38)?
161
Let k(s) = -398*s + 11984. Give k(30).
44
Let s(q) = q**3 + 3*q**2 - 21*q + 105. What is s(4)?
133
Let q(h) = -50*h + 850. Calculate q(16).
50
Let r(s) = -4269*s + 8526. Give r(2).
-12
Let u(d) = -3*d**2 - 51*d + 31. Give u(-19).
-83
Let j(k) = -k**3 + 5*k**2 - 8*k + 9. Determine j(4).
-7
Let s(g) = -g**3 - 30*g**2 - 118*g + 1776. Determine s(-18).
12
Let u(f) = -f**2 - 7*f + 62. Give u(-10).
32
Let x(c) = 2*c**2 - 606*c + 5502. Calculate x(9).
210
Let q(k) = 65*k**3 + 2*k**2 + 132*k + 132. Determine q(-1).
-63
Let c(f) = -83*f - 1421. Give c(-17).
-10
Let c(y) = y**3 - 2*y**2 - 51*y - 25. What is c(8)?
-49
Let g(p) = -6*p**2 - 451*p - 963. Give g(-73).
-14
Let u(c) = -c**2 + 19*c - 42. Calculate u(11).
46
Let v(p) = -798*p + 795. Give v(1).
-3
Let h(p) = -26*p - 930. Give h(-36).
6
Let r(i) = 2979*i - 17922. Give r(6).
-48
Let q(g) = g + 128. Determine q(5).
133
Let z(b) = -736*b + 19891. Determine z(27).
19
Let t(f) = -2211*f + 3. Calculate t(0).
3
Let a(s) = -4*s + 36. Determine a(10).
-4
Let t(h) = h**2 + 65*h + 649. Determine t(-49).
-135
Let l(m) = m**3 + 9*m**2 + 9*m - 7. Calculate l(-2).
3
Let t(q) = -q**2 + 65*q + 820. Give t(-14).
-286
Let c(i) = -i**3 + 23*i**2 + 11*i - 306. What is c(23)?
-53
Let i(y) = -224*y + 8505. Calculate i(38).
-7
Let w(z) = 2*z**2 + 1821*z - 16557. What is w(9)?
-6
Let g(h) = -1489*h - 2967. What is g(-2)?
11
Let s(i) = i**3 - 20*i**2 - 136*i - 68. Give s(-5).
-13
Let n(u) = -3*u**2 + 11*u + 312. Give n(-9).
-30
Let z(x) = 7*x**3 + 25*x**2 - 5*x - 11. Calculate z(-3).
40
Let i(n) = 128*n - 3319. Give i(22).
-503
Let g(q) = 3*q**2 + 6*q - 32. Determine g(-6).
40
Let q(k) = -3045*k - 15142. Determine q(-5).
83
Let h(l) = -l**3 - 18*l**2 + 17*l - 28. Calculate h(-19).
10
Let t(j) = 2*j**2 + 7*j + 10. Determine t(-2).
4
Let y(a) = -3*a**3 - 36*a**2 + 79*a + 582. Calculate y(-13).
62
Let m(x) = 9*x**2 + 24*x + 11. What is m(-2)?
-1
Let t(x) = -100*x + 1794. Determine t(18).
-6
Let r(v) = -v**3 - 8*v**2 - 28*v - 91. What is r(-7)?
56
Let m(z) = 17*z + 70. What is m(11)?
257
Let y(j) = j**3 - 65*j**2 + 505*j - 9. Give y(9).
0
Let p(b) = 2*b**2 - 77*b + 265. Determine p(32).
-151
Let s(j) = 22*j + 69. Determine s(-6).
-63
Let q(r) = -2*r**3 - 34*r**2 - 67*r - 35. What is q(-15)?
70
Let m(r) = -2*r**2 - 10*r + 243. What is m(9)?
-9
Let l(j) = j**3 + 54*j**2 + 587*j + 94. Calculate l(-39).
16
Let h(q) = 55*q - 146. Give h(4).
74
Let x(k) = 72*k + 422. Calculate x(-6).
-10
Let o(l) = -l**3 + 51*l**2 - 444*l + 183. What is o(40)?
23
Let q(g) = 188*g + 13675. Calculate q(-73).
-49
Let g(m) = -244*m + 1193. Calculate g(6).
-271
Let 